{"id":10046,"date":"2025-10-28T08:10:21","date_gmt":"2025-10-28T07:10:21","guid":{"rendered":"https:\/\/devacuabit.es\/aguillen\/studio\/?page_id=10046"},"modified":"2025-11-21T08:42:50","modified_gmt":"2025-11-21T07:42:50","slug":"aviso-legal","status":"publish","type":"page","link":"https:\/\/alexguillenfotografo.com\/studio\/aviso-legal\/","title":{"rendered":"Aviso legal"},"content":{"rendered":"<p>[et_pb_section fb_built=\u00bb1&#8243; _builder_version=\u00bb4.27.4&#8243; _module_preset=\u00bbdefault\u00bb global_colors_info=\u00bb{}\u00bb][et_pb_row _builder_version=\u00bb4.27.4&#8243; _module_preset=\u00bbdefault\u00bb global_colors_info=\u00bb{}\u00bb][et_pb_column type=\u00bb4_4&#8243; _builder_version=\u00bb4.27.4&#8243; _module_preset=\u00bbdefault\u00bb global_colors_info=\u00bb{}\u00bb][et_pb_post_title meta=\u00bboff\u00bb featured_image=\u00bboff\u00bb module_class=\u00bbtitulares_2&#8243; _builder_version=\u00bb4.27.4&#8243; _module_preset=\u00bbdefault\u00bb global_colors_info=\u00bb{}\u00bb][\/et_pb_post_title][et_pb_text _builder_version=\u00bb4.27.4&#8243; _module_preset=\u00bbdefault\u00bb ol_line_height=\u00bb1.7em\u00bb global_colors_info=\u00bb{}\u00bb]<\/p>\n<p>En cumplimiento de la Ley 34\/2002, de 11 de julio, de Servicios de la Sociedad de la Informaci\u00f3n y Comercio Electr\u00f3nico (LSSI CE), informamos a los usuarios de los datos de la empresa propietaria de esta web:<\/p>\n<h3>Responsable<\/h3>\n<p>-Denominaci\u00f3n Social: Alejandro Manuel Guill\u00e9n Dom\u00ednguez<br \/>-Nombre Comercial: \u00c1lex Guill\u00e9n Fot\u00f3grafo<\/p>\n<h3>Contacto<\/h3>\n<p>-Tel\u00e9fono: <strong>633 36 27 66<\/strong><br \/>-eMail: <strong>hola@alexguillenfotografo.com<\/strong><\/p>\n<p>Registros:<\/p>\n<p>-Nombre de dominio (sitio web): <strong>https:\/\/alexguillenfotografo.com\/<\/strong><\/p>\n<h3>OBJETO<\/h3>\n<p>\u201cAlejandro Manuel Guill\u00e9n Dom\u00ednguez\u201d (en adelante, \u201c\u00c1lex Guill\u00e9n Fot\u00f3grafo\u201d), responsable del sitio web, pone a disposici\u00f3n de los usuarios el presente documento con el que pretende dar cumplimiento a las obligaciones dispuestas en la Ley 34\/2002, de Servicios de la Sociedad de la Informaci\u00f3n y del Comercio Electr\u00f3nico (LSSI-CE), as\u00ed como informar a todos los usuarios del sitio web respecto a cu\u00e1les son las condiciones de uso del mismo.<\/p>\n<p>Toda persona que acceda a este sitio web asume el papel de usuario, comprometi\u00e9ndose a la observancia y cumplimiento riguroso de las disposiciones aqu\u00ed dispuestas, as\u00ed como a cualesquiera otra disposici\u00f3n legal que fuera de aplicaci\u00f3n.<\/p>\n<p>\u201c\u00c1lex Guill\u00e9n Fot\u00f3grafo\u201d se reserva el derecho a modificar cualquier tipo de informaci\u00f3n que pudiera aparecer en el sitio web, sin que exista obligaci\u00f3n de preavisar o poner en conocimiento de los usuarios dichas obligaciones, entendi\u00e9ndose como suficiente con la publicaci\u00f3n en el sitio web.<\/p>\n<h3>PROTECCI\u00d3N DE DATOS<\/h3>\n<p>\u201c\u00c1lex Guill\u00e9n Fot\u00f3grafo\u201d se encuentra profundamente comprometido con el cumplimiento de la normativa espa\u00f1ola de protecci\u00f3n de datos de car\u00e1cter personal, y garantiza el cumplimiento \u00edntegro de las obligaciones dispuestas, as\u00ed como la implementaci\u00f3n de las medidas de seguridad dispuestas en el art. 9 de la Ley 15\/1999, de Protecci\u00f3n de Datos de Car\u00e1cter Personal (LOPD) y su Reglamento de Desarrollo, as\u00ed como para el cumplimiento del Reglamento General de Protecci\u00f3n de Datos (RGPD) (UE) 2016\/679. De conformidad con estas normativas, informamos que la utilizaci\u00f3n de nuestra p\u00e1gina web requiere que se nos faciliten ciertos datos personales a trav\u00e9s de formularios de registro o contacto, o mediante el env\u00edo de emails, y que \u00e9stos ser\u00e1n objeto de tratamiento por \u201c\u00c1lex Guill\u00e9n Fot\u00f3grafo\u201d. El env\u00edo de estos datos personales constituye el consentimiento expreso al tratamiento de los mismos, si bien este consentimiento es de car\u00e1cter revocable. M\u00e1s informaci\u00f3n en nuestra \u201cPol\u00edtica de Privacidad\u201d.<\/p>\n<h3>PROPIEDAD INTELECTUAL, NORMATIVA Y FORO<\/h3>\n<p>El sitio web, incluyendo a t\u00edtulo enunciativo pero no limitativo su programaci\u00f3n, edici\u00f3n, compilaci\u00f3n y dem\u00e1s elementos necesarios para su funcionamiento, los dise\u00f1os, logotipos, texto y\/o gr\u00e1ficos son propiedad de \u201c\u00c1lex Guill\u00e9n Fot\u00f3grafo\u201d o en su caso dispone de licencia o autorizaci\u00f3n expresa por parte de los autores.<\/p>\n<p>Todos los contenidos del sitio web se encuentran debidamente protegidos por la normativa de propiedad intelectual e industrial, as\u00ed como inscritos en los registros p\u00fablicos correspondientes, y no se permite la reproducci\u00f3n y\/o publicaci\u00f3n, total o parcial, del sitio web, ni su tratamiento inform\u00e1tico, su distribuci\u00f3n, difusi\u00f3n, modificaci\u00f3n o transformaci\u00f3n, sin el permiso previo y por escrito del mismo.<\/p>\n<p>Los dise\u00f1os, logotipos, texto y\/o gr\u00e1ficos ajenos a \u201c\u00c1lex Guill\u00e9n Fot\u00f3grafo\u201d y que pudieran aparecer en el sitio web, pertenecen a sus respectivos propietarios, siendo ellos mismos responsables de cualquier posible controversia que pudiera suscitarse respecto a los mismos. En todo caso, \u201c\u00c1lex Guill\u00e9n Fot\u00f3grafo\u201d cuenta con la autorizaci\u00f3n expresa y previa por parte de los mismos. \u201c\u00c1lex Guill\u00e9n Fot\u00f3grafo\u201d reconoce a favor de sus titulares los correspondientes derechos de propiedad industrial e intelectual, no implicando su sola menci\u00f3n o aparici\u00f3n en el sitio web la existencia de derechos o responsabilidad alguna del prestador sobre los mismos, como tampoco respaldo, patrocinio o recomendaci\u00f3n por parte del mismo.<\/p>\n<p>El usuario puede utilizar el material que aparezca en este sitio web para su uso personal y privado, quedando prohibido su uso con fines comerciales. \u201c\u00c1lex Guill\u00e9n Fot\u00f3grafo\u201d velar\u00e1 por el cumplimiento de las anteriores condiciones, como por la debida utilizaci\u00f3n de los contenidos presentados en sus p\u00e1ginas web, ejercitando todas las acciones civiles y penales que le correspondan en el caso de infracci\u00f3n o incumplimiento de estos derechos por parte del usuario.<\/p>\n<h3>CONDICIONES DE USO<\/h3>\n<p>Este Sitio Web contiene textos elaborados con fines meramente informativos o divulgativos, que pueden no reflejar el estado actual de la legislaci\u00f3n o la jurisprudencia, y que se refieren a situaciones generales, por lo que su contenido no debe ser aplicado necesariamente por el usuario a casos concretos.<\/p>\n<p>En esta web se detallan los servicios ofrecidos por \u201c\u00c1lex Guill\u00e9n Fot\u00f3grafo\u201d. Su uso implica la aceptaci\u00f3n de las siguientes condiciones, declinando realizar cualquier reclamaci\u00f3n sobre las mismas:<\/p>\n<ol>\n<li>El uso de esta web est\u00e1 dirigido a personas mayores de edad.<\/li>\n<li>\u201c\u00c1lex Guill\u00e9n Fot\u00f3grafo\u201d podr\u00e1 modificar el contenido de la web, sus servicios, tarifas, garant\u00edas, etc., en cualquier momento y sin previo aviso.<\/li>\n<li>\u201c\u00c1lex Guill\u00e9n Fot\u00f3grafo\u201d puede poner a disposici\u00f3n del usuario enlaces u otros elementos que permitan el acceso hacia otros sitios web pertenecientes a terceros. No comercializamos los productos y servicios de dichas p\u00e1ginas enlazadas, ni asumimos ning\u00fan tipo de responsabilidad sobre las mismas, ni sobre la informaci\u00f3n contenida en ellas, ni su veracidad o licitud, ni de cualesquiera efectos que pudieran derivarse. En todo caso, \u201c\u00c1lex Guill\u00e9n Fot\u00f3grafo\u201d manifiesta que proceder\u00e1 a la retirada inmediata de cualquier contenido que pudiera contravenir la legislaci\u00f3n nacional o internacional, la moral o el orden p\u00fablico, procediendo a la retirada inmediata de la redirecci\u00f3n a dicho sitio web, poniendo en conocimiento de las autoridades competentes el contenido en cuesti\u00f3n.<\/li>\n<li>Los precios indicados en la web, de haberlos, ser\u00e1n v\u00e1lidos salvo error tipogr\u00e1fico, y susceptibles de cambios sin previo aviso.<\/li>\n<li>No es necesario registrarse en la web, ni facilitar ning\u00fan tipo de dato personal, para navegar por la misma.<\/li>\n<li>\u201c\u00c1lex Guill\u00e9n Fot\u00f3grafo\u201d no puede garantizar el funcionamiento ininterrumpido o totalmente libre de errores de esta web. Por tanto, no nos hacemos responsables de ning\u00fan da\u00f1o causado por el uso de este sitio.<\/li>\n<li>\u201c\u00c1lex Guill\u00e9n Fot\u00f3grafo\u201d ofrece sus servicios y productos de manera indefinida, pudiendo, no obstante, suspender la prestaci\u00f3n de los mismos, unilateralmente y sin previo aviso.<\/li>\n<li>\u201c\u00c1lex Guill\u00e9n Fot\u00f3grafo\u201d no se har\u00e1 responsable de los da\u00f1os y perjuicios, propios o a terceros, producidos por un mal uso de esta web por parte del cliente.<\/li>\n<li>El usuario se compromete a no utilizar esta web ni los servicios ofrecidos en ella para la realizaci\u00f3n de actividades contrarias a la ley, al orden p\u00fablico o a estas condiciones.<\/li>\n<li>\u201c\u00c1lex Guill\u00e9n Fot\u00f3grafo\u201d no se responsabiliza de los virus que tengan su origen en una transmisi\u00f3n telem\u00e1tica infiltrados por terceros generados con la finalidad de obtener resultados negativos para un sistema inform\u00e1tico.<\/li>\n<li>\u201c\u00c1lex Guill\u00e9n Fot\u00f3grafo\u201d no se hace responsable de la informaci\u00f3n y contenidos almacenados, a t\u00edtulo enunciativo pero no limitativo, en foros, chat\u00b4s, generadores de blogs, comentarios, redes sociales o cualesquiera otro medio que permita a terceros publicar contenidos de forma independiente en la p\u00e1gina web del prestador. No obstante y en cumplimiento de lo dispuesto en el art. 11 y 16 de la LSSI-CE, \u201c\u00c1lex Guill\u00e9n Fot\u00f3grafo\u201d se pone a disposici\u00f3n de todos los usuarios, autoridades y fuerzas de seguridad, y colaborando de forma activa en la retirada o en su caso bloqueo de todos aquellos contenidos que pudieran afectar o contravenir la legislaci\u00f3n nacional, o internacional, derechos de terceros o la moral y el orden p\u00fablico. En caso de que el usuario considere que existe en el sitio web alg\u00fan contenido que pudiera ser susceptible de esta clasificaci\u00f3n, se ruega lo notifique de forma inmediata al administrador del sitio web.<\/li>\n<li>Este sitio web ha sido revisado y probado para que funcione correctamente. En principio, puede garantizarse el correcto funcionamiento los 365 d\u00edas del a\u00f1o, 24 horas al d\u00eda. No obstante, \u201c\u00c1lex Guill\u00e9n Fot\u00f3grafo\u201d no descarta la posibilidad de que existan ciertos errores de programaci\u00f3n, o que acontezcan causas de fuerza mayor, cat\u00e1strofes naturales, huelgas, o circunstancias semejantes que hagan imposible el acceso a la p\u00e1gina web.<\/li>\n<li>Las opiniones vertidas en los mismos no reflejan necesariamente los puntos de vista de \u201c\u00c1lex Guill\u00e9n Fot\u00f3grafo\u201d. El contenido de los art\u00edculos publicados en este Sitio Web no puede ser considerado, en ning\u00fan caso, sustitutivo de asesoramiento legal. El usuario no debe actuar sobre la base de la informaci\u00f3n contenida en este Sitio Web sin recurrir previamente al correspondiente asesoramiento profesional.<\/li>\n<\/ol>\n<p>En definitiva, el usuario es el \u00fanico responsable del uso que realice de los servicios, contenidos y enlaces incluidos esta web.<\/p>\n<h3>LEY APLICABLE Y JURISDICCI\u00d3N<\/h3>\n<p>Las presentes Condiciones de Uso del sitio web se rigen en todos y cada uno de sus extremos por la ley espa\u00f1ola. El idioma de redacci\u00f3n e interpretaci\u00f3n de este aviso legal es el espa\u00f1ol. Para la resoluci\u00f3n de todas las controversias o cuestiones relacionadas con el presente sitio web o de las actividades en \u00e9l desarrolladas, ser\u00e1 de aplicaci\u00f3n la legislaci\u00f3n espa\u00f1ola, a la que se someten expresamente las partes, siendo competentes para la resoluci\u00f3n de todos los conflictos derivados o relacionados con su uso los Juzgados y Tribunales de M\u00e1laga.<\/p>\n<p>[\/et_pb_text][\/et_pb_column][\/et_pb_row][\/et_pb_section]<\/p>\n","protected":false},"excerpt":{"rendered":"<p>En cumplimiento de la Ley 34\/2002, de 11 de julio, de Servicios de la Sociedad de la Informaci\u00f3n y Comercio Electr\u00f3nico (LSSI CE), informamos a los usuarios de los datos de la empresa propietaria de esta web: Responsable -Denominaci\u00f3n Social: Alejandro Manuel Guill\u00e9n Dom\u00ednguez-Nombre Comercial: \u00c1lex Guill\u00e9n Fot\u00f3grafo Contacto -Tel\u00e9fono: 633 36 27 66-eMail: hola@alexguillenfotografo.com [&hellip;]<\/p>\n","protected":false},"author":1,"featured_media":0,"parent":0,"menu_order":0,"comment_status":"closed","ping_status":"closed","template":"","meta":{"_et_pb_use_builder":"on","_et_pb_old_content":"<!-- wp:divi\/placeholder \/-->","_et_gb_content_width":"","footnotes":""},"class_list":["post-10046","page","type-page","status-publish","hentry"],"_links":{"self":[{"href":"https:\/\/alexguillenfotografo.com\/studio\/wp-json\/wp\/v2\/pages\/10046","targetHints":{"allow":["GET"]}}],"collection":[{"href":"https:\/\/alexguillenfotografo.com\/studio\/wp-json\/wp\/v2\/pages"}],"about":[{"href":"https:\/\/alexguillenfotografo.com\/studio\/wp-json\/wp\/v2\/types\/page"}],"author":[{"embeddable":true,"href":"https:\/\/alexguillenfotografo.com\/studio\/wp-json\/wp\/v2\/users\/1"}],"replies":[{"embeddable":true,"href":"https:\/\/alexguillenfotografo.com\/studio\/wp-json\/wp\/v2\/comments?post=10046"}],"version-history":[{"count":5,"href":"https:\/\/alexguillenfotografo.com\/studio\/wp-json\/wp\/v2\/pages\/10046\/revisions"}],"predecessor-version":[{"id":12081,"href":"https:\/\/alexguillenfotografo.com\/studio\/wp-json\/wp\/v2\/pages\/10046\/revisions\/12081"}],"wp:attachment":[{"href":"https:\/\/alexguillenfotografo.com\/studio\/wp-json\/wp\/v2\/media?parent=10046"}],"curies":[{"name":"wp","href":"https:\/\/api.w.org\/{rel}","templated":true}]}}

<p>[et_pb_section fb_built=»1&#8243; _builder_version=»4.27.4&#8243; _module_preset=»default» global_colors_info=»{}»][et_pb_row _builder_version=»4.27.4&#8243; _module_preset=»default» global_colors_info=»{}»][et_pb_column type=»4_4&#8243; _builder_version=»4.27.4&#8243; _module_preset=»default» global_colors_info=»{}»][et_pb_post_title meta=»off» featured_image=»off» module_class=»titulares_2&#8243; _builder_version=»4.27.4&#8243; _module_preset=»default» global_colors_info=»{}»][/et_pb_post_title][et_pb_text _builder_version=»4.27.4&#8243; _module_preset=»default» ol_line_height=»1.7em» global_colors_info=»{}»]</p>
<p>En cumplimiento de la Ley 34/2002, de 11 de julio, de Servicios de la Sociedad de la Información y Comercio Electrónico (LSSI CE), informamos a los usuarios de los datos de la empresa propietaria de esta web:</p>
<h3>Responsable</h3>
<p>-Denominación Social: Alejandro Manuel Guillén Domínguez<br />-Nombre Comercial: Álex Guillén Fotógrafo</p>
<h3>Contacto</h3>
<p>-Teléfono: <strong>633 36 27 66</strong><br />-eMail: <strong>hola@alexguillenfotografo.com</strong></p>
<p>Registros:</p>
<p>-Nombre de dominio (sitio web): <strong>https://alexguillenfotografo.com/</strong></p>
<h3>OBJETO</h3>
<p>“Alejandro Manuel Guillén Domínguez” (en adelante, “Álex Guillén Fotógrafo”), responsable del sitio web, pone a disposición de los usuarios el presente documento con el que pretende dar cumplimiento a las obligaciones dispuestas en la Ley 34/2002, de Servicios de la Sociedad de la Información y del Comercio Electrónico (LSSI-CE), así como informar a todos los usuarios del sitio web respecto a cuáles son las condiciones de uso del mismo.</p>
<p>Toda persona que acceda a este sitio web asume el papel de usuario, comprometiéndose a la observancia y cumplimiento riguroso de las disposiciones aquí dispuestas, así como a cualesquiera otra disposición legal que fuera de aplicación.</p>
<p>“Álex Guillén Fotógrafo” se reserva el derecho a modificar cualquier tipo de información que pudiera aparecer en el sitio web, sin que exista obligación de preavisar o poner en conocimiento de los usuarios dichas obligaciones, entendiéndose como suficiente con la publicación en el sitio web.</p>
<h3>PROTECCIÓN DE DATOS</h3>
<p>“Álex Guillén Fotógrafo” se encuentra profundamente comprometido con el cumplimiento de la normativa española de protección de datos de carácter personal, y garantiza el cumplimiento íntegro de las obligaciones dispuestas, así como la implementación de las medidas de seguridad dispuestas en el art. 9 de la Ley 15/1999, de Protección de Datos de Carácter Personal (LOPD) y su Reglamento de Desarrollo, así como para el cumplimiento del Reglamento General de Protección de Datos (RGPD) (UE) 2016/679. De conformidad con estas normativas, informamos que la utilización de nuestra página web requiere que se nos faciliten ciertos datos personales a través de formularios de registro o contacto, o mediante el envío de emails, y que éstos serán objeto de tratamiento por “Álex Guillén Fotógrafo”. El envío de estos datos personales constituye el consentimiento expreso al tratamiento de los mismos, si bien este consentimiento es de carácter revocable. Más información en nuestra “Política de Privacidad”.</p>
<h3>PROPIEDAD INTELECTUAL, NORMATIVA Y FORO</h3>
<p>El sitio web, incluyendo a título enunciativo pero no limitativo su programación, edición, compilación y demás elementos necesarios para su funcionamiento, los diseños, logotipos, texto y/o gráficos son propiedad de “Álex Guillén Fotógrafo” o en su caso dispone de licencia o autorización expresa por parte de los autores.</p>
<p>Todos los contenidos del sitio web se encuentran debidamente protegidos por la normativa de propiedad intelectual e industrial, así como inscritos en los registros públicos correspondientes, y no se permite la reproducción y/o publicación, total o parcial, del sitio web, ni su tratamiento informático, su distribución, difusión, modificación o transformación, sin el permiso previo y por escrito del mismo.</p>
<p>Los diseños, logotipos, texto y/o gráficos ajenos a “Álex Guillén Fotógrafo” y que pudieran aparecer en el sitio web, pertenecen a sus respectivos propietarios, siendo ellos mismos responsables de cualquier posible controversia que pudiera suscitarse respecto a los mismos. En todo caso, “Álex Guillén Fotógrafo” cuenta con la autorización expresa y previa por parte de los mismos. “Álex Guillén Fotógrafo” reconoce a favor de sus titulares los correspondientes derechos de propiedad industrial e intelectual, no implicando su sola mención o aparición en el sitio web la existencia de derechos o responsabilidad alguna del prestador sobre los mismos, como tampoco respaldo, patrocinio o recomendación por parte del mismo.</p>
<p>El usuario puede utilizar el material que aparezca en este sitio web para su uso personal y privado, quedando prohibido su uso con fines comerciales. “Álex Guillén Fotógrafo” velará por el cumplimiento de las anteriores condiciones, como por la debida utilización de los contenidos presentados en sus páginas web, ejercitando todas las acciones civiles y penales que le correspondan en el caso de infracción o incumplimiento de estos derechos por parte del usuario.</p>
<h3>CONDICIONES DE USO</h3>
<p>Este Sitio Web contiene textos elaborados con fines meramente informativos o divulgativos, que pueden no reflejar el estado actual de la legislación o la jurisprudencia, y que se refieren a situaciones generales, por lo que su contenido no debe ser aplicado necesariamente por el usuario a casos concretos.</p>
<p>En esta web se detallan los servicios ofrecidos por “Álex Guillén Fotógrafo”. Su uso implica la aceptación de las siguientes condiciones, declinando realizar cualquier reclamación sobre las mismas:</p>
<ol>
<li>El uso de esta web está dirigido a personas mayores de edad.</li>
<li>“Álex Guillén Fotógrafo” podrá modificar el contenido de la web, sus servicios, tarifas, garantías, etc., en cualquier momento y sin previo aviso.</li>
<li>“Álex Guillén Fotógrafo” puede poner a disposición del usuario enlaces u otros elementos que permitan el acceso hacia otros sitios web pertenecientes a terceros. No comercializamos los productos y servicios de dichas páginas enlazadas, ni asumimos ningún tipo de responsabilidad sobre las mismas, ni sobre la información contenida en ellas, ni su veracidad o licitud, ni de cualesquiera efectos que pudieran derivarse. En todo caso, “Álex Guillén Fotógrafo” manifiesta que procederá a la retirada inmediata de cualquier contenido que pudiera contravenir la legislación nacional o internacional, la moral o el orden público, procediendo a la retirada inmediata de la redirección a dicho sitio web, poniendo en conocimiento de las autoridades competentes el contenido en cuestión.</li>
<li>Los precios indicados en la web, de haberlos, serán válidos salvo error tipográfico, y susceptibles de cambios sin previo aviso.</li>
<li>No es necesario registrarse en la web, ni facilitar ningún tipo de dato personal, para navegar por la misma.</li>
<li>“Álex Guillén Fotógrafo” no puede garantizar el funcionamiento ininterrumpido o totalmente libre de errores de esta web. Por tanto, no nos hacemos responsables de ningún daño causado por el uso de este sitio.</li>
<li>“Álex Guillén Fotógrafo” ofrece sus servicios y productos de manera indefinida, pudiendo, no obstante, suspender la prestación de los mismos, unilateralmente y sin previo aviso.</li>
<li>“Álex Guillén Fotógrafo” no se hará responsable de los daños y perjuicios, propios o a terceros, producidos por un mal uso de esta web por parte del cliente.</li>
<li>El usuario se compromete a no utilizar esta web ni los servicios ofrecidos en ella para la realización de actividades contrarias a la ley, al orden público o a estas condiciones.</li>
<li>“Álex Guillén Fotógrafo” no se responsabiliza de los virus que tengan su origen en una transmisión telemática infiltrados por terceros generados con la finalidad de obtener resultados negativos para un sistema informático.</li>
<li>“Álex Guillén Fotógrafo” no se hace responsable de la información y contenidos almacenados, a título enunciativo pero no limitativo, en foros, chat´s, generadores de blogs, comentarios, redes sociales o cualesquiera otro medio que permita a terceros publicar contenidos de forma independiente en la página web del prestador. No obstante y en cumplimiento de lo dispuesto en el art. 11 y 16 de la LSSI-CE, “Álex Guillén Fotógrafo” se pone a disposición de todos los usuarios, autoridades y fuerzas de seguridad, y colaborando de forma activa en la retirada o en su caso bloqueo de todos aquellos contenidos que pudieran afectar o contravenir la legislación nacional, o internacional, derechos de terceros o la moral y el orden público. En caso de que el usuario considere que existe en el sitio web algún contenido que pudiera ser susceptible de esta clasificación, se ruega lo notifique de forma inmediata al administrador del sitio web.</li>
<li>Este sitio web ha sido revisado y probado para que funcione correctamente. En principio, puede garantizarse el correcto funcionamiento los 365 días del año, 24 horas al día. No obstante, “Álex Guillén Fotógrafo” no descarta la posibilidad de que existan ciertos errores de programación, o que acontezcan causas de fuerza mayor, catástrofes naturales, huelgas, o circunstancias semejantes que hagan imposible el acceso a la página web.</li>
<li>Las opiniones vertidas en los mismos no reflejan necesariamente los puntos de vista de “Álex Guillén Fotógrafo”. El contenido de los artículos publicados en este Sitio Web no puede ser considerado, en ningún caso, sustitutivo de asesoramiento legal. El usuario no debe actuar sobre la base de la información contenida en este Sitio Web sin recurrir previamente al correspondiente asesoramiento profesional.</li>
</ol>
<p>En definitiva, el usuario es el único responsable del uso que realice de los servicios, contenidos y enlaces incluidos esta web.</p>
<h3>LEY APLICABLE Y JURISDICCIÓN</h3>
<p>Las presentes Condiciones de Uso del sitio web se rigen en todos y cada uno de sus extremos por la ley española. El idioma de redacción e interpretación de este aviso legal es el español. Para la resolución de todas las controversias o cuestiones relacionadas con el presente sitio web o de las actividades en él desarrolladas, será de aplicación la legislación española, a la que se someten expresamente las partes, siendo competentes para la resolución de todos los conflictos derivados o relacionados con su uso los Juzgados y Tribunales de Málaga.</p>
<p>[/et_pb_text][/et_pb_column][/et_pb_row][/et_pb_section]</p>

<p>En cumplimiento de la Ley 34/2002, de 11 de julio, de Servicios de la Sociedad de la Información y Comercio Electrónico (LSSI CE), informamos a los usuarios de los datos de la empresa propietaria de esta web: Responsable -Denominación Social: Alejandro Manuel Guillén Domínguez-Nombre Comercial: Álex Guillén Fotógrafo Contacto -Teléfono: 633 36 27 66-eMail: hola@alexguillenfotografo.com [&hellip;]</p>
